 w = -54370 - -93024. What is the units digit of w?
4
Let w be (-3)/4 - (-1)/(12/(-1359)). Let q = -121 - w. What is the tens digit of (-1664)/q + (-4)/(-14)?
3
Let v(d) = -3*d**3 + 16*d**2 + 52*d - 9. Let t be 3/(-12) - (-92)/(-16). What is the tens digit of v(t)?
0
Let t = 41 + -29. Suppose -n + t = -4*p, -1 = n + 5*p + 5. Suppose -n*y = -27 - 193. What is the units digit of y?
5
Suppose 15*v - 692 + 17 = 0. Let m be -2 + 2980/v + 4/(-18). Suppose -m = 3*o - 793. What is the hundreds digit of o?
2
Let h(x) = -12*x - 2. Let r be h(-3). Let w = r - 24. What is the tens digit of w/(-75) - (-2588)/60?
4
Suppose -h - 34 = -k, -5*h - 132 + 24 = -3*k. Let n = -26 + k. Suppose 2*w = n*y + 5*w - 1001, 4*y = -2*w + 802. What is the units digit of y?
2
Let v(i) = 136*i - 58. Let h be v(13). Suppose 2434 + h = 7*w. What is the hundreds digit of w?
5
Suppose -262*p = -4*v - 260*p + 77964, -5*p = -4*v + 77982. What is the ten thousands digit of v?
1
Let l(b) = 5383*b + 4219. What is the thousands digit of l(3)?
0
Let t(b) = 17*b + 387. Let g be t(-23). What is the thousands digit of (-7790)/g - 11/((-44)/6)?
1
Let p(h) = -9 - 5*h**2 + 18*h + 11*h**2 - 9*h**2. Let b be p(8). What is the units digit of -1 - (-2 + (b - 5))?
3
Suppose -3*z = -z - 6. Suppose -z = -6*n + 5*n. Suppose 4*o - 192 = n*k, -2*o - 3*k + k + 110 = 0. What is the units digit of o?
1
Let v(y) = 0 - 6*y + 8 + 10 - y**2. Let u be v(-8). What is the hundreds digit of u/(((-86)/(-92) - 1)/(-6))?
1
Let i = 5083 - -19560. What is the hundreds digit of i?
6
Let b be 214/(-14) - (-4)/14. What is the units digit of b*3/((-54)/498)?
5
Suppose u - 27 = 5*q - 0*q, -u = q + 3. Suppose 5*y + 771 = 16*t - 14*t, u*t + 4*y = 798. What is the hundreds digit of t?
3
Let z(s) = s + 4. Let a be z(1). Let m(k) = -k**3 + 4*k**2 + 4*k + 1. Let i be m(a). Let o(g) = -37*g + 4. What is the units digit of o(i)?
2
Suppose 2*f = 6, -f = -27*i + 22*i + 27. What is the tens digit of i/(72/662) + 1/(-6)?
5
Suppose -16*r + 377 = -15*r. Let j = r - 258. Let b = -30 + j. What is the tens digit of b?
8
Let f = 4953 - 580. What is the units digit of f?
3
Suppose -p + 0 + 5 = 0. Let b be ((-24)/4 + p)/((-2)/12). Suppose b*h - 3*h = 375. What is the hundreds digit of h?
1
Suppose 13*a - 11521 = 1973. Let f = -308 + a. What is the units digit of f?
0
Suppose 39 = 2*r + 5*o, -5*o = -4*r - 2*o + 39. Suppose r*g = 10*g + 4. What is the units digit of (83/g)/((-5)/(-10))?
3
Let y(w) = 2099*w**2 - 96*w + 241. What is the hundreds digit of y(3)?
8
Let r(s) = 1247*s**2 - 379*s + 1906. What is the hundreds digit of r(5)?
1
Let g = 125 - 127. Let h be (95/2)/(-5) + 1/g. What is the hundreds digit of (474/h)/((5/(-25))/1)?
2
Suppose -4*v = 3*k - 3 - 173, -54 = -k + v. What is the tens digit of 6/(-4)*k/(-84)*152?
5
What is the hundreds digit of (260/(0 - -20))/(2/1814)?
7
Let t(i) be the first derivative of i**2 - 16*i + 2. Let q be t(22). Suppose -q = -k + 117. What is the hundreds digit of k?
1
Let l(x) = -2*x**3 + 77*x**2 + 40*x - 35. Let t be l(39). Suppose z + t*b + 55 = 1654, 0 = -4*z - 2*b + 6452. What is the thousands digit of z?
1
Let t(v) = -30 + 5 - 28 - 24*v - 9 - 18. What is the units digit of t(-23)?
2
Let p(z) = -5*z**3 - z**2 - z - 1. Let i be p(-1). Suppose -3*v + 1591 = c, -c - i*c + 7975 = 5*v. What is the tens digit of c?
9
Let c(y) = -y**3 + 13*y**2 + 12*y + 31. Let t be c(14). Let l(u) = 86*u**2 - 23*u + 82. What is the tens digit of l(t)?
8
Suppose -122*n = -119*n - 24. Suppose -l + 17 = 3*q, 0 = 3*l - 3*q + n + 1. Suppose 5*m - 4*u - 249 = 0, 7*m = l*m + 3*u + 253. What is the units digit of m?
3
Suppose -2*f - 3*g = 8, 3*g = -3*f - 3 - 3. Suppose -5*b + 4*r = -4, b + 0*b - 24 = -5*r. What is the tens digit of f/(-4) + (282/b - -3)?
7
Let v = -4792 + 9141. What is the tens digit of v?
4
Let n(o) = 160*o**2 - 80*o - 446. What is the units digit of n(-6)?
4
Let l(j) = j**3 + 9*j**2 - 126*j - 14. Let n be l(-17). What is the units digit of 16351/23 - 16/n?
1
Suppose 6*z - 12*z = -4*z - 21798. What is the thousands digit of z?
0
Let m be ((-17066)/115)/(2/(-10)). Suppose -4*b = -m + 186. What is the units digit of b?
9
Let p(b) = -24*b - 16. Suppose -5 = -2*f - 7. Let k be f*(-7)/(-1)*(-84)/(-98). What is the hundreds digit of p(k)?
1
Suppose -21*y + 404275 = 4*y. What is the units digit of y?
1
Suppose -i + 60 = -6*i. Let l be -11 + -3*8/i. What is the units digit of l/((-27)/8)*9?
4
Let h = 145 + -127. Let c(x) = 19*x**3 + 5*x**2 - 13*x - 5*x**2 - 3 - h*x**3. What is the tens digit of c(6)?
3
What is the units digit of 9 - (-13840 - 3 - 10)?
2
Suppose 7 - 11 = -l. Suppose -l*i = 8530 - 2578. What is the tens digit of ((-6)/4)/(18/i)?
2
Let k(t) = 4*t**2 + 10*t - 161. What is the thousands digit of k(30)?
3
Let w be 6/14 + 11475/175. Let l be (-12)/w + (96/22)/2. Suppose l*b = -z + 97, b - z = 6*b - 250. What is the tens digit of b?
5
Suppose -6 = -3*r + 5*l, 3*r - l = 8*r - 38. Suppose r*v = 5 + 16. Suppose 462 = 3*a - v*s, -8 = -0*s + 2*s. What is the hundreds digit of a?
1
Let s be (3 - 1)*((-7650)/(-12))/(-15). What is the units digit of ((-329)/(-35) + 7)*s/(-2)?
7
Suppose -34 = -2*t + 5*k + 6, 0 = 3*k + 12. Suppose f + t = z, 2*z + 5*f + 22 = 5*z. Suppose 10*i - z*i + 40 = 0. What is the units digit of i?
0
Let y be -16*(7 + -8) + -12. Let g(t) = 253*t**2 - t. Let f be g(1). Suppose y*l - 156 = f. What is the tens digit of l?
0
Let k = -182 + 172. What is the hundreds digit of (2452/k)/(19/((-665)/14))?
6
Suppose -27*j + 1062 = -21*j. Suppose -a + m = -j, a = 5*a + 2*m - 738. What is the hundreds digit of a?
1
Let s = -18513 + 22183. What is the units digit of s?
0
Suppose 7*i - 19 = 107. Suppose -i*w = -3*w - 12960. What is the tens digit of w?
6
Let n be 3/((5/((-20)/(-12)))/(-3)). Let q(k) = -434*k - 81. What is the tens digit of q(n)?
2
Suppose -c + 50 = -37. Let p = -124 + c. Let v = -2 - p. What is the units digit of v?
5
Let i(v) = -v**2 + 18*v - 8. Suppose 5*f = -3*j + f + 36, 2*f - 60 = -5*j. Let c be i(j). Let x = 97 + c. What is the hundreds digit of x?
1
Let b = -1214 + 2223. Let j = b + -404. What is the hundreds digit of j?
6
Let a = -104 - -110. Suppose -1875 = -a*g + 75. What is the tens digit of g?
2
Let d(p) = p**3 + 22*p**2 + 14*p - 12. Let n be d(-21). Let w = 65 + n. What is the units digit of w?
0
Let p be (-2 - -3)/((-6)/(-108)). Suppose 14*u = -p*u + 3360. What is the units digit of u?
5
Let y(j) = 152*j**2 - 3*j - 2. Suppose 1 + 4 = -5*k - 4*l, 1 = -k + 5*l. Let x be y(k). Suppose 2*g = 75 + x. What is the tens digit of g?
1
Let m be 98/21 + 2/6 + 1. Suppose -1479 = -3*r + q, m*r - 2463 = r + q. Suppose -9*u + r = -6*u. What is the units digit of u?
4
Let w(h) = 3*h**2 - h - 4. Let r be w(-2). Let j = -136 + 127. Let m = r - j. What is the units digit of m?
9
Let o = 189 - 176. Suppose -o*r - 3*r + 512 = 0. What is the units digit of r?
2
Suppose 0 = -0*g + 10*g + 550. Let l = -118 - g. Let t = 142 + l. What is the tens digit of t?
7
Let z = -52964 - -80297. What is the units digit of z?
3
What is the hundreds digit of (-18441)/(-7) - 840/1960?
6
Let x(h) = -32285*h**3 - 80*h**2 - 78*h + 3. What is the units digit of x(-1)?
6
Let w be (-209)/171 + 4/18. Let a be ((-16)/(-7) - 2/7) + w. What is the units digit of (192/(-256))/(a*(-1)/156)?
7
Suppose -3*k + 5 = -i + 5*i, -3*k + 7 = 2*i. Let m(b) = -2*b + 8*b**3 - b - 17*b**3 + 2 + 9*b**3 + 4*b**3. What is the tens digit of m(k)?
0
Let w = 273 - 273. What is the units digit of ((-75)/(-30) + w)/((-2)/(-412))?
5
What is the thousands digit of -1*(-13782 + 13) + -6?
3
Let p be (32/(-96))/((-8)/18)*8. What is the units digit of 148*(-2 + 3 + p)?
6
Let p(t) = 3*t - 32. Let c be p(11). Let q be 3 - (3 + -4 + c)/(-2). What is the tens digit of 3/(q/(-4)) + 81?
7
Suppose -7346 = -15*a + 994. What is the tens digit of (a/5)/((-112)/(-840))?
3
Let z(p) = p**3 + 9*p**2 - 25*p - 16. Let c be z(-11). Suppose -13*t - 304 = -c*t. What is the tens digit of t?
7
Let s(g) = -g**2 + 21*g - 13. Let o be -1 + -23*(1 + 2). Let w be (-1 - 0)*o/7. What is the tens digit of s(w)?
9
Let c(p) = -2*p**3 + 23*p**2 - 20*p + 103. Let d be c(11). Suppose -2*v + 11 = -d*s + 701, 0 = -3*v + 15. What is the hundreds digit of s?
1
Let n(w) be the second derivative of 